9. Calculate the remainder when b is divided by u.
8
Let a = -855 + 888. Calculate the remainder when 62 is divided by a.
29
Suppose m = 5*x + 58, 4*m - 2*x - 52 = 3*m. Let j be -4 + (m/36)/((-4)/(-78)). Let u = j - -28. Calculate the remainder when 249 is divided by u.
49
Suppose -165*x + 231*x - 396 = 0. What is the remainder when 52 is divided by x?
4
Suppose 0 = -5*j + 3*k - 177, -j - 5*k = -3*j - 86. What is the remainder when j/9*(0 + -12 + 3) is divided by (21/(-6) - -2)/((-3)/24)?
9
Let l(m) = m**3 - 15*m**2 - 6*m - 106. What is the remainder when 701 is divided by l(16)?
53
Suppose -c - r = -0*r - 119, -4*r = -4*c + 444. Let i(p) = p**3 - 47*p**2 - 258*p - 46. What is the remainder when c is divided by i(52)?
57
Suppose 1531*z = 1826*z - 12980. Calculate the remainder when 2*((-170)/(-4) + 1) is divided by z.
43
Suppose 20760 = 1114*n + 152*n - 42540. Let a = 26 + 72. Calculate the remainder when a is divided by n.
48
Let n(b) be the third derivative of 0 - 1/8*b**4 - 7/6*b**3 + 0*b + 15*b**2 + 1/20*b**5. What is the remainder when n(-5) is divided by 7?
6
Calculate the remainder when 93 is divided by (-2)/3 - (-2240)/84.
15
Let q = 1966 - 1869. Calculate the remainder when 373 is divided by q.
82
Let c = 109 - 101. Let y be -2 + -2 + 32 - 3. Suppose -a - 5 + y = 5*i, 24 = a + 3*i. Calculate the remainder when a is divided by c.
6
Let a be 5/15 + 1/(-3). Let x(o) = -o + 88. Suppose -92*h = -2756 + 640. Calculate the remainder when x(a) is divided by h.
19
Let n(s) = 4*s**2 + 14*s + 4. Suppose -j + 2*q - 6*q = 41, -4*j - 2*q = 108. Let k = j + 18. Calculate the remainder when n(k) is divided by 27.
21
Let j(k) = 106*k + 530. What is the remainder when j(-2) is divided by 64?
62
Let m(n) = 4*n**2 + 715*n - 1425. Suppose 0 = -2*z - 2*z + 248. What is the remainder when z is divided by m(2)?
20
Suppose -4*a + 3*a + 11 = 0. Let l be (336/(-72))/(2/51). Let z = -106 - l. Calculate the remainder when z is divided by a.
2
Suppose -131 + 32 = w. Let f = -63 - w. Let x = f + -29. Calculate the remainder when 40 is divided by x.
5
Suppose 4*t - 3*d - 116 = -4*d, 4*d + 96 = 4*t. Suppose -4*x = -52 - t. Calculate the remainder when 210/(-56)*(1 - 21) is divided by x.
15
Suppose -28 = -5*t - 3. Suppose -t*x = 6*x - 77. Calculate the remainder when 110 is divided by x.
5
Let b(q) = -q**2 + 7*q + 2. Let y = 25816 + -25778. Calculate the remainder when y is divided by b(4).
10
Suppose 2*o = 5*q - 0*q - 17, 2*q = 3*o - 2. Let g = 5 - q. Calculate the remainder when (g - -76)/(6/3) is divided by 14.
10
Let z = -334 + 367. Suppose 35*n = z*n + 78. What is the remainder when n is divided by 18?
3
Let f = 46 - 42. Suppose 0 = -f*g - 2*i + 334, 5*i = 5*g - 0*i - 455. Suppose 16 = 6*v - g. What is the remainder when v is divided by 6?
5
Suppose 51*h - 27*h - 43*h + 38 = 0. Let l be ((-1)/2 + 1)*12. What is the remainder when (1 + -3 - 0) + l is divided by h?
0
Suppose 15 = -4*j - t + 60, -2*j + 4*t = 0. Suppose 13*i + m = j*i + 78, 0 = 2*i - m - 52. What is the remainder when 99 is divided by i?
21
Suppose -23 + 24 = -s, 5*d - 69 = 4*s. Calculate the remainder when 2/(-4*(-1)/122) is divided by d.
9
Suppose -4*b + 670 = 131*c - 129*c, -c = 7. What is the remainder when 1713 is divided by b?
3
Let v(x) = 26*x**2 - 10*x + 20. Let n be v(2). Let r = 344 + n. Calculate the remainder when r is divided by 75.
73
Let b = -3222 + 3461. What is the remainder when b is divided by 16?
15
Suppose -3*c + 187 = -188. Let k = -120 + c. Suppose 5*d = -15, k*r + d - 35 = 6*d. What is the remainder when 29 is divided by r?
1
Let i = -3814 + 4426. What is the remainder when i is divided by 120?
12
Suppose -4*i + 0*w + 170 = 2*w, -3*i = 4*w - 140. Let z = -32 + i. Let r = -1 + z. Calculate the remainder when 34 is divided by r.
6
Suppose -87*t = -448*t + 1484071. What is the remainder when t is divided by 43?
26
Let l = -3 - -24. Let b(q) = -32*q - 3. Let z be b(-2). Suppose 0 = -65*o + z*o + 44. What is the remainder when l is divided by o?
10
Let z = -778 + 810. What is the remainder when 113 is divided by z?
17
Let m = -67 - -154. What is the remainder when m is divided by (-1576)/(-197)*(-3)/(-3)?
7
Suppose -k = 5*b - 454, -k + 1 = -2*k. Suppose -h = -2*f + 70, 21*f - 24*f + 125 = h. Calculate the remainder when b is divided by f.
13
Let z = 24481 - 24328. Calculate the remainder when 2291 is divided by z.
149
Suppose -g = 20 - 23. Calculate the remainder when 136 is divided by 48 - (-10)/(-15)*g.
44
Let t(h) = -h**3 - 7*h**2 - 10*h + 7. Let f be t(-8). Suppose -2*x = -53 + f. Let l = -41 - x. What is the remainder when 15 is divided by l?
7
Let w(d) = -137*d - 13799. What is the remainder when 417 is divided by w(-101)?
37
Let j be (-22)/(-55) + ((-96)/(-10) - 2). Suppose 216 = j*a + 19*a. Calculate the remainder when a is divided by 3.
2
Suppose 65*b - 1026 = 46*b. Calculate the remainder when 159 is divided by b.
51
Let x(v) = 4*v + 13. Let j be x(19). Let n = -61 + j. Calculate the remainder when 56 is divided by n.
0
Let g(z) = 19*z + 318. What is the remainder when 87 is divided by g(-15)?
21
What is the remainder when 1635 is divided by (5 - -8) + (2 - 4 - -10)?
18
Let m be 6*(4/6 - 2527/(-57)). Let a be 1 + 1 + (6 - 3). Suppose -a*w - 4*w = -m. Calculate the remainder when w is divided by 7.
2
Suppose 8*l = -5*l + 13. Let z(m) = 27*m**2 + 2*m - 1. Let u be z(l). Let t = -18 + u. What is the remainder when 45 is divided by t?
5
Let w(h) be the first derivative of 2*h**3/3 + 4*h**2 + 10*h - 11. Let j(m) be the first derivative of w(m). What is the remainder when j(6) is divided by 11?
10
Suppose 94 + 150 = 4*u. Let k = u - 54. Calculate the remainder when 32 is divided by k.
4
Let k(x) = -6*x**2 - 6*x - 2. Let h be k(-2). Let u be (3/(9/4))/(170/8925). Let z = h + u. What is the remainder when z is divided by 19?
18
Suppose 2*h = 6*h - 96. Let i = -1757 + 1771. Calculate the remainder when i is divided by 180/h - 2/(-4).
6
Let y be (208/12)/(-4)*-21. Suppose -5*r = -4*m - 0*r + 309, m - y = 4*r. What is the remainder when m is divided by 24?
23
Let j = 4720 - 4416. Calculate the remainder when j is divided by 148.
8
Let w = 11251 + -11112. Calculate the remainder when 2764 is divided by w.
123
Let y = -32 - -47. Let o be 16/5 - 4/(-5). Suppose -o*j - 24 = -4*m, -2*m - j - 4*j = 2. What is the remainder when y is divided by m?
3
Suppose 4*d - 16*d = 12. What is the remainder when d/((-3)/(-4 - -7)) + 37 is divided by 16?
6
Let p = 382 + -248. Let k = p - 58. Calculate the remainder when k is divided by 28.
20
Suppose -9*w + 539 = -271. Suppose -3*k + 12 + w = 0. Calculate the remainder when 58 is divided by k.
24
Let j(v) = -8*v + 9 + 32 + 58 - 23. Calculate the remainder when 130 is divided by j(8).
10
Let i(w) = 5387*w + 626. Calculate the remainder when i(1) is divided by 194.
193
Suppose 3*d - 2190 = 2*z + 1074, -z = -2*d + 2176. Calculate the remainder when d is divided by 91.
87
Suppose -3*n + 9 = -4*i - 2*n, -5*n = -2*i - 27. Suppose -3*x + 25 - 13 = 0. Calculate the remainder when ((-38)/(-57))/(i/(-27)) is divided by x.
2
Suppose 2*f + 1 = 2*d + 11, f - 5*d - 5 = 0. Let q = 52 + -129. Let a = -62 - q. What is the remainder when a is divided by f?
0
Let l be -2 - (-6)/(-3) - -2. Let z(f) = 4*f**2 + 6*f + 8. Suppose 35 = 3*q - 67. What is the remainder when q is divided by z(l)?
10
Let a(d) = -6*d - 54. Let b be a(-9). Suppose b*c = g - c - 29, -5*g + 153 = 3*c. Calculate the remainder when 268 is divided by g.
28
Let u = -761 + 761. Calculate the remainder when 145 is divided by (u - 1)*((-2 - 32) + -4).
31
Let r(m) = 10*m + 854. Calculate the remainder when 1243 is divided by r(-75).
99
Let z(f) = -f**3 + 9*f**2 + f - 16. Let s be z(6). Let t = s + -23. Calculate the remainder when t is divided by 20.
15
Suppose -24*n - 1134 = -5*y - 25*n, 0 = 4*y - 4*n - 888. Suppose -8*r = -62 - y. What is the remainder when 142 is divided by r?
34
Let q(b) = -b**3 + 57*b**2 + 596*b - 45. Calculate the remainder when q(66) is divided by 3.
0
Let y = -2230 + 2265. What is the remainder when 1109 is divided by y?
24
Let p = 38 + -8. Suppose -c - 4 + 5 = -3*s, -4*c + p = s. Suppose 0 = 9*g - c*g - 32. Calculate the remainder when 46 is divided by g.
14
Calculate the remain